*y - 8 + 32 = i. Calculate the remainder when 34 is divided by i.
10
Let i = -2 + -12. Let j = 6 - i. What is the remainder when j is divided by 11?
9
Let g(b) = 6*b**2 - 3*b + 3. Let z be g(3). Suppose 5*p - z = p. What is the remainder when 2/(-3) + 208/6 is divided by p?
10
Suppose -m + 0*m + 35 = 0. What is the remainder when m is divided by (19 + -1)*(-22)/(-33)?
11
Suppose m - 27 = -4*q, -5*m + 107 + 64 = 2*q. Suppose -102*j = -94*j - 72. What is the remainder when m is divided by j?
8
Suppose -2*o - 4 = -2*q, -2*o = q - 6 - 2. Let m(s) = -7 - 7*s + s**o + 2*s + s**2 - 6*s. Calculate the remainder when m(8) is divided by 12.
9
Let r = 4 + -3. Let j = 15 + r. Calculate the remainder when j is divided by 9.
7
Suppose 35 = 4*z + 3*l, -3*z + 2 = 2*l - 23. What is the remainder when 19 is divided by z?
4
Let j = 36 + -59. Let y = 25 - j. Let o = -14 + y. What is the remainder when o is divided by 18?
16
Suppose 3*l + 21 = 4*l. Let w = 15 - l. What is the remainder when 31 is divided by ((-22)/w)/((-2)/(-6))?
9
Suppose -3*f + 8 - 2 = 0, -5*w + 40 = 5*f. Calculate the remainder when 0 + 15*(0 + 1) is divided by w.
3
Let s(v) = v**2 + 3*v - 3. Calculate the remainder when 72 is divided by s(-6).
12
Suppose 0 = -2*t + 7*t - 410. Calculate the remainder when t is divided by 28.
26
Suppose 23 = 3*q + s, 0 = -4*q + 2*q - 3*s + 27. Calculate the remainder when (4/(-3))/((-4)/q) is divided by 1.
0
Let o = 52 - 21. Calculate the remainder when o is divided by 2 - -2 - (-4 + 0).
7
Calculate the remainder when (11 - -43)/(1 + 1) is divided by 6.
3
Let q = -118 + 138. What is the remainder when q is divided by 13?
7
Let a(s) = -s**3 - 2*s**2 - 3. Let h(l) = l**2 - l + 22. What is the remainder when h(0) is divided by a(-3)?
4
Let o = 136 - 82. Calculate the remainder when o is divided by 28.
26
Suppose -11*l + 86 + 112 = 0. Let b = -12 + 19. What is the remainder when l is divided by b?
4
Let n(i) = -i**3 - 2*i**2 - 2*i + 2. Suppose -3*a + 4*g + 3 = 1, -2*g - 12 = 4*a. Let r = 7 - a. Calculate the remainder when n(-3) is divided by r.
8
Let d = -110 - -120. Calculate the remainder when 88 is divided by d.
8
Suppose -a = -3, 3*f + 3*a - 197 = -20. Suppose 2*d - f = -r, -5*d + 2*r + 111 = -29. What is the remainder when d is divided by 10?
8
Let n(a) = 5*a - 12. What is the remainder when 64 is divided by n(6)?
10
Let u(w) = w**2 - w + 2. Calculate the remainder when 15 is divided by u(2).
3
Let k = -11 - -15. Let p(t) = 3*t + 1. What is the remainder when (-7 - -5) + 5*8 is divided by p(k)?
12
Let q(v) = -v**3 + 9*v**2 - 9*v + 9. What is the remainder when 217 is divided by q(7)?
41
Suppose 0 = -5*g + 37 + 48. Calculate the remainder when (2 - 8/10)/(8/320) is divided by g.
14
Let s = -114 - -183. Calculate the remainder when s is divided by 18.
15
Suppose -w - 236 = 2*l, -w - 146 = -3*l + 100. Let h be ((-6)/5)/(18/w). Suppose 0 = 2*v - v - h. What is the remainder when v is divided by 9?
7
Let f be (-6)/2 + -9*1. Let k = f - -19. What is the remainder when 27 is divided by k?
6
Let a(d) = -d**3 - 2*d + 8. What is the remainder when a(-5) is divided by 16?
15
Suppose -4*v = 22 - 66. Suppose -j + 4*j - 57 = 0. Calculate the remainder when j is divided by v.
8
Suppose -3*c + 31 = -0*g + g, 4*c - 16 = 5*g. Let s(d) = 16*d**3 - d**2 - d + 1. Calculate the remainder when s(1) is divided by c.
6
Let h = 235 + -142. Calculate the remainder when h is divided by 32.
29
Let o(t) = -4*t - 3. Let r be o(-2). Suppose r*a - 4*a - 9 = 0. What is the remainder when 25 is divided by a?
7
Let k(w) = -w**2 + 4*w - 1. Let n be k(3). Suppose -n*u - u = 15. Let r = 12 + u. What is the remainder when 13 is divided by r?
6
Suppose -9*m = -16*m + 784. Calculate the remainder when m is divided by 19.
17
Suppose -3*t + 5*t = 28. Calculate the remainder when 39 is divided by t.
11
Let b(q) = q + 31. Calculate the remainder when b(-4) is divided by 6.
3
Suppose 190 = 3*n - n. What is the remainder when n is divided by 33?
29
Suppose 182 = 5*c - v, 4*v - 3*v = -3*c + 106. Suppose k = -k + c. What is the remainder when 51 is divided by k?
15
Suppose 0 = 2*u - 1 - 7. Let m be 2*3/(-6) + u. Suppose 8 = m*a - 19. Calculate the remainder when 25 is divided by a.
7
What is the remainder when 18 is divided by (-76)/(-16) - 1*6/8?
2
Suppose -5*u - 1 = 9. Calculate the remainder when u/(-10) + 38/10 is divided by 3.
1
Let s = 5 + 2. Suppose 50 = 9*g - s*g. Calculate the remainder when 49 is divided by g.
24
Let h = -422 + 824. Suppose h = z + 2*z. Suppose 0*a = -3*a + 5*q + 201, -5*q = -2*a + z. What is the remainder when a is divided by 17?
16
Let n(q) = -q**3 - 14*q**2 - 12*q + 47. What is the remainder when n(-13) is divided by 12?
10
Suppose 2*y + 4*l = -16, 0 = -y - l - 2 - 9. Let t be 100/8 + 1/2. Let m = t - y. What is the remainder when m is divided by 14?
13
Let u be (0 - -1)*(1 - -4). Suppose -3*i - 21 = -0*f - 3*f, i - u = 0. Calculate the remainder when f is divided by 7.
5
Suppose -5*x = 5*p - 30, 2*p = 3*x - 3*p - 2. Suppose -x*y + 0*y = -20. Calculate the remainder when 12 is divided by y.
2
Let n be (12/16)/((-2)/(-16)). Let m = n + -6. Suppose 5*o = m, -t + 12 = 2*t + 5*o. Calculate the remainder when t is divided by 3.
1
Let g(i) = 6*i - 9. Let k be g(11). Calculate the remainder when 21 is divided by k/5 + 4/(-10).
10
Suppose -i + 96 = 2*r, i = 2*r + 3*i - 96. What is the remainder when 190 is divided by r?
46
What is the remainder when 82/2 - (-3)/3 is divided by 11?
9
Suppose 0*w + 3*j = 2*w - 39, 15 = 3*j. What is the remainder when 107 is divided by w?
26
Suppose o = 2*r + 26, 2*r - 5 + 79 = 3*o. Let i = -16 + o. Calculate the remainder when (-31)/(-2) + 2/(-4) is divided by i.
7
Let l(q) = 5*q - 1. Calculate the remainder when 15 is divided by l(2).
6
Let g(y) be the first derivative of -7*y**2 + 2*y - 1. Calculate the remainder when g(-2) is divided by (24/15)/((-2)/(-20)).
14
Let v be 3/(-2*3/6). Calculate the remainder when 53 is divided by v - (2 + -22 + 3).
11
Let d(f) = 4*f**2 - 6*f - 5. What is the remainder when d(5) is divided by 34?
31
Let h(c) = 34*c - 1. What is the remainder when h(2) is divided by 10?
7
Suppose -d = m - 26, 4*m - 183 = d - 69. Let c = m + -8. Calculate the remainder when 37 is divided by c.
17
Suppose 2*o = 28 + 24. Suppose 2*q + o = 4*q. Calculate the remainder when 25 is divided by q.
12
Let c(b) = -b**2 + 7*b + 6. Calculate the remainder when (1/(-2))/((-3)/60) is divided by c(7).
4
Let v(q) = 3*q - 2. Calculate the remainder when v(15) is divided by 9.
7
Suppose -114 - 136 = -3*p + 5*x, -344 = -4*p + 4*x. Suppose 4*b + p = 6*q - q, -4*b - 18 = -q. Calculate the remainder when 34 is divided by q.
16
Let q = 22 - 26. Let b(r) = -r**2 - 5*r + 3. Calculate the remainder when 10 is divided by b(q).
3
Let m be (-42)/4*16/(-24). Suppose h + 16 = f, -f - h = -5 - m. What is the remainder when 27 is divided by f?
13
Suppose 71 = b - 2*x, 0*b - 5*x = 3*b - 268. What is the remainder when b is divided by 21?
18
Let y = 4 + 0. Calculate the remainder when 29 is divided by 15/y*(6 - 2).
14
Let k(s) = s**2 + s + 5. What is the remainder when k(-4) is divided by 3?
2
What is the remainder when 61 is divided by 3 + 275/20 - 6/8?
13
Suppose p + 28 = 4*j, 5*j + 0 - 10 = -5*p. What is the remainder when 8 is divided by j?
2
Let g(f) = f**2 + f - 2. Let h be g(-4). Let x = -7 + h. Suppose -x*k + 26 = -5*d, 2*k = -2*k - 5*d - 12. Calculate the remainder when k is divided by 1.
0
Suppose 3*f - r - 4*r = 24, -5*f + 40 = -4*r. Calculate the remainder when (3 - 2)*(-155)/(-5) is divided by f.
7
Let u(w) = 0*w**3 + 5*w**2 + 2*w - w**3 - 2*w**2. Suppose 9 = 6*j - 3*j. What is the remainder when 10 is divided by u(j)?
4
Suppose l - 80 = 92. Let c = l + -123. Suppose 0 = 4*k + 35 - 103. Calculate the remainder when c is divided by k.
15
Let q = 14 - -39. Suppose 0 = -4*o + 61 - 5. Calculate the remainder when q is divided by o.
11
Suppose 2*z - 22 = -2*o, 0*z - 4*z + 49 = -o. Calculate the remainder when 94 is divided by z.
10
Let f(v) = v**3 + 6*v**2 + 2*v + 1. Let a be f(-6). Let h = 24 + a. What is the remainder when 47/2 + (-1)/(-2) is divided by h?
11
Let x = -102 + 148. Calculate the remainder when x is divided by 25.
21
Suppose -2*z + 24 = -5*x, -x = z